are the prime factors of f?
5
Let k be 21*3/((-3)/(-1)). Let z = k + 18. List the prime factors of z.
3, 13
Suppose -3*h - 38 = i - 3*i, -3*i - 3*h = -42. List the prime factors of i.
2
Let s(c) = -2*c**3 - 3*c**2 + 1. Let t be s(-2). Suppose 0 = 2*h - t*v - 15, 0 = h + v - 4*v - 7. What are the prime factors of h?
2, 5
List the prime factors of ((-3)/4)/(10/(-40)).
3
Let v = -69 - -151. List the prime factors of v.
2, 41
Let t = -15 - -26. What are the prime factors of t?
11
Let b(x) = x**2 + 2*x - 17. What are the prime factors of b(-12)?
103
Suppose 4*l = 3*d + 103 - 34, -l + 21 = -2*d. Let p = 1 + l. What are the prime factors of p?
2
Let f(c) = -c**3 - 6*c**2 - c - 6. Let j be f(-7). Suppose k + 2*q = 3*k - j, -q - 4 = 0. List the prime factors of k.
3, 7
Let m be -2 - (1/1 + -13). Suppose c + 2 = 0, 34 - m = 2*s + c. What are the prime factors of s?
13
Let c(t) = -t**2 - 6*t + 7. Let f be c(-7). Suppose 2*n = 5*u - 27, 5*u - 5*n - 8 - 7 = f. Let a = 0 + u. List the prime factors of a.
7
Let b(o) = 17*o**2 + 2*o - 1. Let f be b(1). Suppose -z - 4*t = -f, z - 41 = -z - 3*t. List the prime factors of z.
2, 11
Suppose 3*p + 5*j = 14, 30 = 4*p + 3*j - 2*j. List the prime factors of p.
2
Let w = -148 - -403. What are the prime factors of w?
3, 5, 17
Suppose -6*u + 155 = 35. What are the prime factors of u?
2, 5
Suppose 4*x - g = 305, 11*x + 4*g + 80 = 12*x. What are the prime factors of x?
2, 19
Let g(i) = i**3 - 7*i**2 - 7*i - 7. Let m be g(9). Suppose 4*x - m = -0*x. Suppose 2*k = 1 + x. What are the prime factors of k?
2, 3
Suppose g - 1 = 1. Suppose 5*h - 5*x - 53 = 3*h, g*x + 10 = 0. What are the prime factors of h?
2, 7
Let q = -76 + 128. What are the prime factors of q?
2, 13
Let z(o) = 2 - 8*o**3 + o - o + o**2 + 7*o**3. Let f be z(-2). Suppose -5*t - f = -q, -3*t = -q - 2*q + 42. List the prime factors of q.
2, 7
Let d be (-11 + 2)*2 + 3. What are the prime factors of (d/(-25))/((-1)/(-5))?
3
Suppose 0*m - m + 3 = 0. Suppose -m*g + 8*g - 60 = 0. List the prime factors of g.
2, 3
Let r be ((-20)/(-25))/(2/20). Suppose -r = -2*o + o. List the prime factors of o.
2
Let m(t) = -2*t - 5 + 10 + 2*t**2 - 9. List the prime factors of m(3).
2
Let s = -1 - -5. Suppose 2*j = c + 7, -j + 4*c - 3*c = -s. Suppose 4*b - j*b = 3. What are the prime factors of b?
3
Let y = -7 + 1. Let k(s) = 2*s**2 + 7*s + 2. List the prime factors of k(y).
2
Suppose 3*u - u + 36 = 2*d, -3*d + 4*u = -57. What are the prime factors of d?
3, 5
Let z = 2 + 0. Suppose -g = -2*h - 5 - 7, 12 = -z*g - 5*h. Let t = 7 - g. List the prime factors of t.
3
Let n be -47*3*1/(-3). Let p = n - 15. List the prime factors of ((-27)/(-12))/(6/p).
2, 3
Let k = 61 - 39. List the prime factors of k.
2, 11
Let d(h) = -6*h - 11*h + 1 + 3*h. Let t be d(-5). What are the prime factors of t/5 + 2/(-10)?
2, 7
Let i = 5 - 5. Let h(v) = -7*v - 1. Let s be h(-1). Suppose 0 = 3*b - s - i. What are the prime factors of b?
2
Let y(q) = q**2. Let x be y(4). Let t = -6 + x. List the prime factors of t.
2, 5
Let r(j) = -4*j. Suppose -5*q - 4 = 1. Let w be r(q). Suppose -w*o - 2*f + 24 = -22, 20 = 4*f. What are the prime factors of o?
3
Suppose 0 = 5*j - 10*j + 150. Let n be (-24)/9*9/6. List the prime factors of (-4)/3*j/n.
2, 5
Suppose -3*o - 2*t - 74 = -7*o, 5*t - 55 = -2*o. Suppose o + 8 = 4*j. List the prime factors of j.
7
Let c(n) = -n**3 + 4*n + 2. Let o be c(-6). List the prime factors of (-4)/(-22) + o/22.
3
Suppose 23*q = 18*q + 95. What are the prime factors of q?
19
Suppose 0 = 3*j + j + 5*h - 754, -3*j - h + 560 = 0. List the prime factors of j.
2, 3, 31
Suppose -o = 4*o - 25. Let z(h) = -h**3 + 5*h**2 + 3*h - 5. List the prime factors of z(o).
2, 5
Let t = -2 + 7. Suppose 116 = t*p - p. What are the prime factors of p?
29
Let h be (-6)/(-21) + 19/7. Suppose h*i = -2*i + 50. What are the prime factors of (1 - -3)/(4/i)?
2, 5
Let k be 2/(-5) - 64/(-10). Let w(q) = 4*q**2 + 8*q - 8. Let u(f) = -f**3 + f**2 + 1. Let d(g) = u(g) + w(g). List the prime factors of d(k).
5
Let f(g) = g**3 + 11*g**2 - 5*g + 5. List the prime factors of f(5).
2, 5, 19
Let r be 5/2*(-2 - -4). Suppose -r = -n, -5*j + 48 + 2 = 3*n. List the prime factors of j.
7
Let v(h) = -7*h - 3. List the prime factors of v(-8).
53
Let y(k) = -k - 3. Suppose 10 = 2*q, 0*x = 5*x + 3*q + 10. List the prime factors of y(x).
2
Let j be 6/(-4) - (-6)/(-12). Let a(s) = -3*s**3 + 2*s**2 + 1. Let r be a(j). Suppose -2*k + r - 11 = 0. What are the prime factors of k?
11
Let f(w) = w**3 + 5*w**2 + 4*w - 1. Let z = 1 + -4. List the prime factors of f(z).
5
Suppose -5*x = -s - 5, 48 = 4*s - 0*x - 3*x. What are the prime factors of s?
3, 5
Let x = 25 + -15. Suppose a = i + x, -3*a - 3*i - i = -30. What are the prime factors of a?
2, 5
Let k = 189 + -333. List the prime factors of 1/((-1 - 2)/k).
2, 3
Suppose 7*m - p + 72 = 3*m, -3*m + p - 54 = 0. Let t be (-4)/18 - 58/m. Suppose 0 = t*g - g - 2*u - 36, -u + 24 = 2*g. What are the prime factors of g?
2, 7
Let q be (-6)/(-3) + -4 + 4. Let z be (0 + (-6)/(-4))*6. Suppose 3*a - 7 = -n, 0 = 4*a - n + q*n - z. What are the prime factors of a?
2
List the prime factors of (90/(-12))/((-3)/16).
2, 5
Suppose 4*g = 4*h - 20, -2*h - 4*g + 14 + 2 = 0. Suppose v - h = 2*v. List the prime factors of -2*57/v*1.
19
Let l(x) = -x**2 - 15*x - 1. List the prime factors of l(-6).
53
Let d(w) be the first derivative of w**4/4 - 2*w**3/3 - 2*w**2 + 2*w - 2. List the prime factors of d(4).
2, 3
Suppose -3*j + 4*q = 40, 86 = -4*j + 5*q + 34. Let k(d) = -d**2 - 10*d - 4. What are the prime factors of k(j)?
2, 3
Let k(c) = c**3 + c**3 + 9*c - c**3 + 3 + 0*c**2 + 11*c**2. List the prime factors of k(-10).
13
Suppose -8 = -2*p - 0*p. Suppose -12 = -4*b - p*v, b - 3*b = -4*v. List the prime factors of b.
2
Let y = -129 + 195. Let a = 112 - y. Suppose -3*g = -5*z + 9 + a, g = -4*z + 27. What are the prime factors of z?
2
Let y = -13 - -4. Let v = -3 - y. List the prime factors of v.
2, 3
List the prime factors of 168 - ((-18)/(-3) - 3).
3, 5, 11
Let b(u) = 23*u. Let i be b(1). Suppose 4*l + 42 = l. Let m = l + i. What are the prime factors of m?
3
Let j be (-6 - -2)/(1/1). Let g = -30 + 18. What are the prime factors of (j - g)*(-1)/(-2)?
2
Let w(d) be the second derivative of -d**4/12 + d**3/2 - 2*d**2 + d. Let b be w(3). Let f = b - -6. List the prime factors of f.
2
Suppose 0 = 9*r - 890 - 1594. List the prime factors of r.
2, 3, 23
Let i = -66 + 112. List the prime factors of i.
2, 23
Let k be 2 + 0 + -1 + 2. Suppose k*o + o - 188 = 0. Let z = o + -33. What are the prime factors of z?
2, 7
Let g = 10 + -5. Suppose -o - 49 = -2*u - 16, u + g*o - 11 = 0. Suppose -z = 4*h - u, 2*h - 3*h + 4 = 5*z. What are the prime factors of h?
2
Let d(f) be the third derivative of -f**6/120 - f**5/60 + 5*f**4/24 + f**3/2 - f**2. Let t be (0 + 2)/(2/(-3)). List the prime factors of d(t).
2, 3
Suppose 804 = 6*d + 6*d. List the prime factors of d.
67
Let b be 274/(-30) + (-6)/(-45). Let m(j) = 4*j**2 - 20*j + 8. Let n(k) = -3*k**2 + 13*k - 5. Let q(x) = 5*m(x) + 7*n(x). What are the prime factors of q(b)?
5
Suppose -5*b - 13 = -68. What are the prime factors of b?
11
Let p = 4 - 5. Let w be 4 + (-1)/(p/(-2)). Suppose -w*b + 8 = -6. List the prime factors of b.
7
Suppose 0*i = 3*i - 21. Let g = 13 - i. List the prime factors of 2 - (2 - g - -1).
5
List the prime factors of 12/28 - 5316/(-42).
127
Let v(a) = -2*a**2 - 6*a. Let f(b) = 5*b**2 + 18*b + 1. Let r(t) = 3*f(t) + 8*v(t). Suppose 0 = -5*m - 3*c, -3*m + c - 2*c = -4. List the prime factors of r(m).
2, 3
Let a be -6 - -13 - 4/2. Suppose -a*m = -13 - 7. Let o = m - -1. List the prime factors of o.
5
Let j(g) = 37*g**2 - 1. List the prime factors of j(1).
2, 3
Suppose -4*x - 14 = 3*z - 5*z, -4*z - x + 10 = 0. Suppose 0 = -2*a - 2*l + 108, l = z*l. What are the prime factors of a?
2, 3
Let z = 81 - -31. List the prime factors of z.
2, 7
Let r = 2 + 1. Suppose -r*b + 8 = -2*c - 30, -55 = -5*b - 5*c. List the prime factors of b.
2, 3
Let x(t) = -t + 12. Let f be x(9). Suppose -f*b = -78 - 3. List the prime factors of b.
3
Let c = 7 + 17. List the prime factors of c.
2, 3
Let k be (-3 - (-36)/8)*-4. Let j(s) = s**2 - 5. List the prime factors of j(k).
31
Let y = 54 + 8. List the prime fac